{"id":593,"date":"2025-06-17T02:10:40","date_gmt":"2025-06-17T02:10:40","guid":{"rendered":"https:\/\/www.msthukuk.com\/?page_id=593"},"modified":"2025-07-24T07:57:22","modified_gmt":"2025-07-24T07:57:22","slug":"soru-sorun","status":"publish","type":"page","link":"https:\/\/www.anahithukuk.com\/index.php\/soru-sorun\/","title":{"rendered":"Soru Sorun"},"content":{"rendered":"\t\t<div data-elementor-type=\"wp-page\" data-elementor-id=\"593\" class=\"elementor elementor-593\" data-elementor-post-type=\"page\">\n\t\t\t\t<div class=\"elementor-element elementor-element-1f84a795 e-flex e-con-boxed e-con e-parent\" data-id=\"1f84a795\" data-element_type=\"container\" data-settings=\"{&quot;background_background&quot;:&quot;classic&quot;}\">\n\t\t\t\t\t<div class=\"e-con-inner\">\n\t\t<div class=\"elementor-element elementor-element-4f348789 e-con-full e-flex e-con e-child\" data-id=\"4f348789\" data-element_type=\"container\">\n\t\t\t\t<\/div>\n\t\t\t\t\t<\/div>\n\t\t\t\t<\/div>\n\t\t<div class=\"elementor-element elementor-element-07962e2 e-flex e-con-boxed e-con e-parent\" data-id=\"07962e2\" data-element_type=\"container\">\n\t\t\t\t\t<div class=\"e-con-inner\">\n\t\t<div class=\"elementor-element elementor-element-3afbc20 e-con-full e-flex e-con e-child\" data-id=\"3afbc20\" data-element_type=\"container\">\n\t\t\t\t<div class=\"elementor-element elementor-element-b092e91 elementor-widget elementor-widget-shortcode\" data-id=\"b092e91\" data-element_type=\"widget\" data-widget_type=\"shortcode.default\">\n\t\t\t\t<div class=\"elementor-widget-container\">\n\t\t\t\t\t<div class=\"elementor-shortcode\">\n<div class=\"mst-hukuk-qa-form-container\">\n    <h3>Soru Sorun<\/h3>\n    \n    <div class=\"mst-hukuk-qa-form-success\" style=\"display: none;\">\n        <p class=\"mst-hukuk-qa-success-icon\">\u2713<\/p>\n        <p class=\"mst-hukuk-qa-success-title\">Sorunuz Ba\u015far\u0131yla Kaydedildi!<\/p>\n        <p>Your question has been submitted successfully. We will respond to you as soon as possible.<\/p>\n    <\/div>\n    \n    <div class=\"mst-hukuk-qa-form-error\" style=\"display: none;\">\n        <p><\/p>\n    <\/div>\n    \n    <form id=\"mst-hukuk-qa-question-form\" class=\"mst-hukuk-qa-form\">\n        <input type=\"hidden\" name=\"action\" value=\"mst_hukuk_qa_submit_question\">\n        <input type=\"hidden\" name=\"nonce\" value=\"11928de8e1\">\n        \n        <div class=\"mst-hukuk-qa-form-row\">\n            <label for=\"mst-hukuk-qa-user-name\">Ad\u0131n\u0131z <span class=\"required\">*<\/span><\/label>\n            <input type=\"text\" id=\"mst-hukuk-qa-user-name\" name=\"user_name\" required \n                  value=\"\">\n        <\/div>\n        \n        <div class=\"mst-hukuk-qa-form-row\">\n            <label for=\"mst-hukuk-qa-user-email\">E-posta Adresiniz <span class=\"required\">*<\/span><\/label>\n            <input type=\"email\" id=\"mst-hukuk-qa-user-email\" name=\"user_email\" required\n                   value=\"\">\n        <\/div>\n        \n                <div class=\"mst-hukuk-qa-form-row\">\n            <label for=\"mst-hukuk-qa-category\">Kategori<\/label>\n            <select id=\"mst-hukuk-qa-category\" name=\"category_id\">\n                <option value=\"\">-- Kategori Se\u00e7in --<\/option>\n                                    <option value=\"3\" >\n                        Corporate Law                    <\/option>\n                                    <option value=\"8\" >\n                        Corporate Law                    <\/option>\n                                    <option value=\"2\" >\n                        Criminal Law                    <\/option>\n                                    <option value=\"7\" >\n                        Criminal Law                    <\/option>\n                                    <option value=\"1\" >\n                        Family Law                    <\/option>\n                                    <option value=\"6\" >\n                        Family Law                    <\/option>\n                                    <option value=\"5\" >\n                        Labor Law                    <\/option>\n                                    <option value=\"10\" >\n                        Labor Law                    <\/option>\n                                    <option value=\"4\" >\n                        Real Estate Law                    <\/option>\n                                    <option value=\"9\" >\n                        Real Estate Law                    <\/option>\n                            <\/select>\n        <\/div>\n                \n        <div class=\"mst-hukuk-qa-form-row\">\n            <label for=\"mst-hukuk-qa-question-title\">Soru Ba\u015fl\u0131\u011f\u0131 <span class=\"required\">*<\/span><\/label>\n            <input type=\"text\" id=\"mst-hukuk-qa-question-title\" name=\"question_title\" required>\n        <\/div>\n        \n        <div class=\"mst-hukuk-qa-form-row\">\n            <label for=\"mst-hukuk-qa-question-content\">Sorunuz <span class=\"required\">*<\/span><\/label>\n            <textarea id=\"mst-hukuk-qa-question-content\" name=\"question_content\" rows=\"5\" required><\/textarea>\n            <p class=\"description\">Avukatlar\u0131m\u0131z\u0131n durumunuzu daha iyi anlayabilmesi i\u00e7in l\u00fctfen m\u00fcmk\u00fcn oldu\u011funca detay verin.<\/p>\n        <\/div>\n        \n                \n                <div class=\"mst-hukuk-qa-form-row\">\n            <label>\n                <input type=\"checkbox\" name=\"gdpr_consent\" value=\"yes\" required>\n                Soruma cevap verebilmeleri i\u00e7in bu web sitesinin g\u00f6nderdi\u011fim bilgileri saklamas\u0131na izin veriyorum.                <span class=\"required\">*<\/span>\n            <\/label>\n        <\/div>\n                \n                <div class=\"mst-hukuk-qa-form-row\">\n            <label>Do\u011frulama <span class=\"required\">*<\/span><\/label>\n            <div class=\"mst-hukuk-qa-captcha-container\">\n                <div class=\"g-recaptcha\" data-sitekey=\"6LeZkGorAAAAAIp76o3sEKM1uo3L7Hza6n-Ln7Cu\"><\/div>\n            <\/div>\n        <\/div>\n                \n        <div class=\"mst-hukuk-qa-form-row\">\n            <button type=\"submit\" class=\"mst-hukuk-qa-submit-button\">Soru G\u00f6nder<\/button>\n            <span class=\"mst-hukuk-qa-loading\" style=\"display: none;\">G\u00f6nderiliyor...<\/span>\n        <\/div>\n    <\/form>\n<\/div>\n<\/div>\n\t\t\t\t<\/div>\n\t\t\t\t<\/div>\n\t\t\t\t<\/div>\n\t\t<div class=\"elementor-element elementor-element-a550091 e-con-full e-flex e-con e-child\" data-id=\"a550091\" data-element_type=\"container\">\n\t\t\t\t<div class=\"elementor-element elementor-element-30fdb86 elementor-widget elementor-widget-text-editor\" data-id=\"30fdb86\" data-element_type=\"widget\" data-widget_type=\"text-editor.default\">\n\t\t\t\t<div class=\"elementor-widget-container\">\n\t\t\t\t\t\t\t<h3>\u00d6nemli Bilgilendirme\u00a0 Soru-Cevap Paneli Hakk\u0131nda<\/h3><p>Bu b\u00f6l\u00fcmde yer alan soru-cevap paneli, herhangi bir avukatl\u0131k hizmeti, hukuki dan\u0131\u015fmanl\u0131k veya temsil anlam\u0131na gelmemektedir. Burada payla\u015f\u0131lan i\u00e7erikler, yaln\u0131zca hukukun genel ilkeleri do\u011frultusunda teorik bilgiler sunmak amac\u0131yla haz\u0131rlanm\u0131\u015f olup, ki\u015fiye \u00f6zel hukuki \u00e7\u00f6z\u00fcm ve y\u00f6nlendirme i\u00e7ermemektedir.<\/p><p>Avukatl\u0131k Kanunu ve ilgili mevzuat uyar\u0131nca, avukatlar\u0131n \u00fccretsiz dan\u0131\u015fmanl\u0131k hizmeti sunmas\u0131 yasakt\u0131r. Bu kapsamda, web sitemiz \u00fczerinden iletilen sorulara verilen yan\u0131tlar; genel hukuki bilgi niteli\u011finde olup, herhangi bir uyu\u015fmazl\u0131k i\u00e7in \u00f6zel dan\u0131\u015fmanl\u0131k te\u015fkil etmez.<\/p><p>E\u011fer \u00f6zel durumunuza ili\u015fkin detayl\u0131 de\u011ferlendirme ve hukuki dan\u0131\u015fmanl\u0131k talebiniz varsa, l\u00fctfen ofisimizden randevu alarak y\u00fcz y\u00fcze g\u00f6r\u00fc\u015fme sa\u011flay\u0131n\u0131z. Ofisimizde sunulacak olan t\u00fcm dan\u0131\u015fmanl\u0131k hizmetleri, Avukatl\u0131k Asgari \u00dccret Tarifesi (AA\u00dcT) gere\u011fi \u00fccrete tabidir.<\/p><p>Bu panel, yaln\u0131zca hukuki geli\u015fmeler, temel ilkeler ve \u00f6rnek olaylar hakk\u0131nda bilgi payla\u015f\u0131m\u0131 yap\u0131lan bir blog niteli\u011fi ta\u015f\u0131maktad\u0131r. Burada sunulan a\u00e7\u0131klamalar, ba\u011flay\u0131c\u0131 bir g\u00f6r\u00fc\u015f veya tavsiye niteli\u011finde de\u011fildir ve herhangi bir hak veya y\u00fck\u00fcml\u00fcl\u00fck do\u011furmaz.<\/p><p>Web sitemizdeki soru-cevap alan\u0131 bir dan\u0131\u015fma servisi de\u011fildir.<\/p><p>Anlay\u0131\u015f\u0131n\u0131z i\u00e7in te\u015fekk\u00fcr ederiz.<\/p>\t\t\t\t\t\t<\/div>\n\t\t\t\t<\/div>\n\t\t\t\t<\/div>\n\t\t\t\t\t<\/div>\n\t\t\t\t<\/div>\n\t\t<div class=\"elementor-element elementor-element-fbfe32e e-flex e-con-boxed e-con e-parent\" data-id=\"fbfe32e\" data-element_type=\"container\" data-settings=\"{&quot;background_background&quot;:&quot;classic&quot;}\">\n\t\t\t\t\t<div class=\"e-con-inner\">\n\t\t\t\t\t<\/div>\n\t\t\t\t<\/div>\n\t\t\t\t<\/div>\n\t\t","protected":false},"excerpt":{"rendered":"<p>\u00d6nemli Bilgilendirme\u00a0 Soru-Cevap Paneli Hakk\u0131nda Bu b\u00f6l\u00fcmde yer alan soru-cevap paneli, herhangi bir avukatl\u0131k hizmeti, hukuki dan\u0131\u015fmanl\u0131k veya temsil anlam\u0131na gelmemektedir. Burada payla\u015f\u0131lan i\u00e7erikler, yaln\u0131zca hukukun genel ilkeleri do\u011frultusunda teorik bilgiler sunmak amac\u0131yla haz\u0131rlanm\u0131\u015f olup, ki\u015fiye \u00f6zel hukuki \u00e7\u00f6z\u00fcm ve y\u00f6nlendirme i\u00e7ermemektedir. Avukatl\u0131k Kanunu ve ilgili mevzuat uyar\u0131nca, avukatlar\u0131n \u00fccretsiz dan\u0131\u015fmanl\u0131k hizmeti sunmas\u0131 yasakt\u0131r. Bu [&hellip;]<\/p>\n","protected":false},"author":1,"featured_media":0,"parent":0,"menu_order":0,"comment_status":"closed","ping_status":"closed","template":"","meta":{"_themeisle_gutenberg_block_has_review":false,"_joinchat":[],"footnotes":""},"class_list":["post-593","page","type-page","status-publish","hentry"],"_links":{"self":[{"href":"https:\/\/www.anahithukuk.com\/index.php\/wp-json\/wp\/v2\/pages\/593","targetHints":{"allow":["GET"]}}],"collection":[{"href":"https:\/\/www.anahithukuk.com\/index.php\/wp-json\/wp\/v2\/pages"}],"about":[{"href":"https:\/\/www.anahithukuk.com\/index.php\/wp-json\/wp\/v2\/types\/page"}],"author":[{"embeddable":true,"href":"https:\/\/www.anahithukuk.com\/index.php\/wp-json\/wp\/v2\/users\/1"}],"replies":[{"embeddable":true,"href":"https:\/\/www.anahithukuk.com\/index.php\/wp-json\/wp\/v2\/comments?post=593"}],"version-history":[{"count":13,"href":"https:\/\/www.anahithukuk.com\/index.php\/wp-json\/wp\/v2\/pages\/593\/revisions"}],"predecessor-version":[{"id":679,"href":"https:\/\/www.anahithukuk.com\/index.php\/wp-json\/wp\/v2\/pages\/593\/revisions\/679"}],"wp:attachment":[{"href":"https:\/\/www.anahithukuk.com\/index.php\/wp-json\/wp\/v2\/media?parent=593"}],"curies":[{"name":"wp","href":"https:\/\/api.w.org\/{rel}","templated":true}]}}